+ 1 + (-5 - (-15 + 24)).
-13
731 + -734 + 10 + (4 - 3)
8
What is -15 + -1 + (6 + 0 - (20 - 19))?
-11
Evaluate -1 - (-8 - (-10 + 4 - -9) - -1).
9
2 + 1 + -91 + 78
-10
What is the value of -10 + 40 + -7 + -8 + 1 - -6?
22
Evaluate -24 + (18 - (-22 - -26)).
-10
14 + 10 + 21 + -42 + 19 + 0
22
Calculate (-4 - (-9 - 4)) + (-10 + 28 - 8).
19
(6 - 12 - -23) + -7
10
What is the value of 12 + 5 + 7 - 15?
9
9 - (14 + -10 + 7 + -1)
-1
Calculate -51 + 47 + -7 + 3.
-8
Evaluate -2 + 9 + -32 + (-2 - (-11 + 16)).
-32
Evaluate -12 + 1 - (-173 - -154).
8
Evaluate 3 + -9 + 4 + 15 - -1.
14
Evaluate -128 - -121 - (-4 - -4 - 18).
11
What is the value of (-24 - -65 - 5) + (1 + 0 - 4)?
33
What is (-4 - -9) + (-28 - -38)?
15
What is 10 - ((-9 - -21) + 6)?
-8
What is the value of 1 - (-1 - -14) - (-20 + 21)?
-13
What is the value of 45 - 52 - (1 + -3 - 6)?
1
What is the value of 7 + 19 + (-28 - -16)?
14
Evaluate (1 - 6) + (-192 - -182) + 37.
22
What is -196 + 215 - (20 - 3)?
2
Evaluate 29 + 11 - 19 - -15.
36
-8 - (5 + (-24 - -3))
8
What is the value of (1 - (15 - (6 - -3))) + (1 - 11)?
-15
What is the value of -1 + -2 + 0 + -3 + (6 - -1)?
1
-8 - (1 + -10) - -5
6
Calculate 4 - (0 + -10) - 14.
0
Evaluate -8 - ((-1 - 13) + 11) - -15.
10
-3 - (4 - 2) - (-15 + 23)
-13
Evaluate -10 + (12 + 3 - (1 + 4)).
0
Calculate 8 + (8 - (21 - 9)).
4
Evaluate -1 + -7 + -13 + 11 + (-6 - -2).
-14
What is 28 - (29 - (15 - 21))?
-7
Calculate (0 - 29) + (119 - 102).
-12
Evaluate 21 + (-37 - (-3 - 14)).
1
What is the value of 0 + 10 - (4 - -28 - 15)?
-7
-6 - (-5 + -16 + 22)
-7
What is the value of (-8 - 0) + (13 - (10 + 5))?
-10
What is 19 + (15 - 26) + 9?
17
What is the value of 7 + 1 + (-1 - -8 - 9)?
6
Calculate 15 - 4 - 1 - (9 - 3 - -6).
-2
Evaluate (-30 + -2 - -9) + 9 + -6 + 2.
-18
Evaluate -2 + 8 - ((17 - 21) + 14 - 17).
13
-6 + -1 - ((-9 - 1) + -49 + 42)
10
What is the value of (1 + 30 - -5 - 1) + 4 - 7?
32
What is (5 - 12) + (-6 - -17 - (14 + -1))?
-9
What is the value of -15 + 12 + -8 + 1?
-10
(-74 - -32) + 41 + 18
17
-9 + -2 + -3 + -98 + 116
4
Evaluate -15 - -11 - (-51 - -43).
4
What is -12 + 3 - (16 - (10 - (11 + -3)))?
-23
What is the value of -3 + 20 + (-12 - -11)?
16
-1 + 3 + 12 + (-12 - 0)
2
7 - (2 - (12 - 32))
-15
What is the value of -2 + 35 + -49 - 17?
-33
What is 4 + -1 + 1 + (23 - 20) - -3?
10
What is 22 - (15 + (-1 - -2))?
6
What is the value of 4 + (15 - 13) - 4?
2
What is ((13 - 13) + 9 - (-14 + 0)) + -8?
15
Calculate -8 - (-9 - (-2 + 3)).
2
(-144 - -123 - (0 - 12)) + 1 + -1
-9
Evaluate (7 - 7 - (2 + 1)) + -41 + 44.
0
Calculate (7 - 4 - 5) + -9 + 11 + -1.
-1
Calculate -1 + (-4 - 5) + 20 + -4.
6
3 + 13 + -4 + 25 + -15
22
What is the value of 0 + (-12 - -5) + (-14 - (0 + 3))?
-24
What is the value of 12 + -2 + -36 + 0 + 17?
-9
What is 7 - (8 - (27 - 18 - (-1 + -2)))?
11
What is 38 + (-6 - 12) - 17?
3
Calculate (12 - -11 - 12) + (-38 - 6).
-33
Evaluate (-16 + 18 - 21) + 8 + 0.
-11
Evaluate 4 + (-2 - (4 - (-1 - -6))) + 2.
5
-2 + -9 + 12 + (-3 - 8)
-10
3 - (-4 + -1 + 6 + -14 + 6)
10
Calculate 15 + -13 + -8 - -16.
10
(1 - 32 - -27) + 0 + 6
2
24 + -23 + 17 + -36
-18
What is -78 + 29 - (29 + -47)?
-31
What is -7 - (30 + -21 + (1 - 16))?
-1
What is -23 - (-35 + 9) - (-1 - -27) - 4?
-27
-6 + 11 - (-1 - (2 + 2))
10
Evaluate -16 + 19 + -1 + 17.
19
What is (0 - 3) + (6 - (-2 - -12))?
-7
Evaluate -22 - 0 - (1614 + -1620).
-16
Evaluate -23 + 21 + -11 - 0.
-13
What is (5 - -1) + -12 + (3 - (-47 + 7))?
37
Calculate 1 + 0 + (10 - 15).
-4
Calculate 51 + (-53 - -12) + (-1 - 23).
-14
Evaluate (-18 - -30) + 14 - 16.
10
-12 + -6 - (-19 - -7)
-6
Calculate -9 + (9 - (4 - 9)) - 5.
0
Evaluate -1 + 7 - 17 - (-5 - -5) - -5.
-6
What is the value of -5 - (-8 + (13 - 10) - -1)?
-1
Evaluate (-458 - -482) + -19 + 0.
5
1 - (-5 + 0 + (0 - (4 - -2)))
12
-18 + 19 + -15 - -10
-4
21 - (8 + (-8 - -16) - 24)
29
Evaluate -1 + -14 + (56 - 25).
16
(7 - 8) + -71 + 95
23
What is the value of 84 + -64 - (3 + -9)?
26
-3 + -13 + -87 + 90
-13
Evaluate (2 + 9 - (13 - -4)) + (-9 - -30).
15
Calculate 2 + (3 - 1) + (-26 - (18 + -37)).
-3
Evaluate -12 - (-20 - (1 - 17) - 25).
17
What is 7 - (30 - (21 - 6 - 12))?
-20
Calculate -14 - (7 + -32 + 13).
-2
Evaluate 7 - 23 - (8 - (4 - -4 - -1)).
-15
Evaluate (1 - 3) + -1 + (20 - 5).
12
What is (-5 - 0) + (4 - (3 - -4 - 16))?
8
What is -57 + 65 - ((-2 - -15) + 7 + -10)?
-2
What is (-68 - -2) + 74 - (17 + 1)?
-10
Evaluate 29 + -4 + -7 + -4.
14
What is (3 - 19) + (37 - 12)?
9
Evaluate 0 + (-3 - -2) + (2 - 7).
-6
What is (2 - 35) + 129 + -67?
29
-30 + 57 - 9 - (2 - (-6 + 0))
10
3 + -34 + 6 + 26
1
-6 + -34 + 42 - (2 - (-23 + 2))
-21
What is -23 - (-18 - -3 - 2)?
-6
Evaluate -1 + -15 - -5 - (-96 + 90).
-5
What is the value of 11 - 1 - (309 - 276 - (23 + 3))?
3
Calculate -9 - (-3 - -6 - 19) - (-4 + 0).
11
Evaluate 0 + 13 - ((20 - 7) + -9).
9
(-4 - 9) + 3 + -88 + 99
1
What is the value of 16 + (16 - 4) + -3 + -23?
2
What is 2 + 1 + (17 - 1 - (38 - 26))?
7
Evaluate 131 - 123 - (3 + (-4 - -2) - -5).
2
What is the value of 10 + 2 + -1 - (2 - -27)?
-18
What is 22 + -14 + (11 - 10 - 11)?
-2
Calculate -2 - -17 - (42 + (-22 - 7)).
2
What is -7 + (-7 - -11) + 10?
7
What is the value of (39 - 4 - (22 + -12 - 5)) + -6?
24
Calculate -1 + -3 + -1 - (-63 - -70).
-12
-8 + (3 - -13) - (18 + -1)
-9
What is the value of -16 + (-6 - -14) + 25 + -11?
6
What is the value of -17 - (-9 + 0 + -3 + 6)?
-11
What is -1 + (36 - 29 - (3 + 2 + 0))?
1
What is the value of 4 + -5 + 16 + -24?
-9
What is the value of 2 + -3 - -1 - (-56 + 65)?
-9
Evaluate 15 + (4 - 15 - -20) + -5.
19
(13 - (3 + 2 + 1)) + -25 + -1
-19
-8 - (-13 - (2 - 0)) - 8
-1
What is (15 - -2 - 3) + 0 + (36 - 42)?
8
-1 - -4 - ((68 - 1) + -90)
26
What is -1 - ((1 + -5 - -5) + (-2 - -11))?
-11
What is 17 + -15 + (-1 - 1) + -4?
-4
What is -1 + 7 + -46 + 34 - 22?
-28
Calculate -1 + -15 + (-2 - -6 - (41 - 47)).
-6
-1 + (-1 - (-2 + 12))
-12
What is the value of 9 + -10 - (-6 + 12 - 3) - -31?
27
What is 2 + (-20 - 1) - (21 + -24 + 7)?
-23
What is (-17 - -10 - -18 - 21) + -2?
-12
Evaluate -154 + 169 - (13 - 1) - 28.
-25
What is (6 - (21 - 5)) + 12 + (1 - 20)?
-17
What is the value of 2 + 6 + (-19 + 7 - -18)?
14
What is -24 + 24 - (-13 + -1)?
14
Calculate 1 - -2 - (-31 - -30) - (20 + 4).
-20
What is -32 + 39 + (9 - (2 - (0 - -4)))?
18
What is the value of 3 - (-2 + 11) - (-19 - (30 + -39))?
4
Evaluate 12 + 1 + (7 - -1) + -20.
1
What is the value of 4 - -10 - (12 - -1)?
1
Calculate (-5 - (-14 + 7)) + 11 - 6.
7
Calculate -17 - (-50 + 24) - (-8 + 6).
11
What is 187 - 163 - (1 + -2 - (1 - 3))?
23
What is the value of -11 + 3 - 2 - (-28 - (16 + -44))?
-10
Calculate -12 - (24 + -30 + -12).
6
Evaluate 14 - (-36 + (-14 - -58)).
6
What is the value of (15 - 5) + -5 - (27 + -10)?
-12
What is (16 - (19 - 11)) + -8 - 9?
-9
What is the value of -27 - -13 - (-8 - -1)?
-7
Evaluate 0 + -3 + (-104 + 59 - -60).
12
Calculate -30 + (18 - -2) - (10 + -17).
-3
Evaluate 3 + 3 + -7 - (9 + -11 + -24).
25
What is -4 + 1 - (37 - 33)?
-7
What is 22 + -1 - (67 + 11 + -92)?
35
What is -42 - -1 - (213 + -236)?
-18
What is the value of 0 - (-2 + 8) - (-19 - -9 - -9)?
-5
Calculate (2 - 13) + (-47 + 30 - (-7 - 0)).
-21
What is 8 + (7 - 20) - (3 + 0 + 8)?
-16
44 + (26 + -16 + -22 + 2 - -1)
35
Calculate -30 + 28 - (2 + -15).
11
Calculate -117 - -111 - (-7 + -1).
2
Evaluate 4 - (-16 - -41 - -2) - -6.
-17
What is the value of (2 - -1) + -11 - (-10 + -4 + 7)?
-1
What is -5 + (23 - 24) + -2 + 8 + 8?
8
(-1 - (4 + -6)) + (0 - 6)
-5
8 - (1 + -33 - (-337 - -323))
26
What is 1 - 4 - (-146 + 141)?
2
What is the value of -1712 - -1688 - ((-2 - -2) + (-6 - 0))?
-18
What is the value of -2 + -4 + (1 - 5 - (-3 - 1))?
-6
37 + -50 + 4 + -1 + 2
-8
Evaluate -3 + (3 - 8) - (-10 + 2) - -2.
2
What is the value of (10 - 35) + 22 + (-3 - 0)?
-6
-3 - ((-3 - -1) + 20 + (-15 - -11))
-17
What is the value of 0 - -23 - (18 + (15 - (37 - 9)))?
18
What is 2 - -4 - 8 - (24 - 33)?
7
What is the value of 32 + (-13 - (26 + -22))?
15
29 + -15 + 5 + -7
12
Evaluate (-12 - -5) + -3 + -1 + -9.
-20
What is (-13 - -7 - (1 - (-1 + 11))) + -13?
-10
Evaluate 9 - ((-2 - 1 - 6) + 6).
12
-2 + 11 - -4 - (-6 - (-7 + -6))
6
What is the value of (9 - 27 - -13) + (-5 - 0) - 3?
-13
What is 22 - (4 + 13 + 0)?
5
What is 0 - 0 - (3 - (-4 - -16) - 0)?
9
